 - 7088. What is the remainder when 83 is divided by z?
39
Let y = -2141 - -2187. What is the remainder when 1009 is divided by y?
43
What is the remainder when 92504/372 + 32/6 is divided by 61?
10
Calculate the remainder when (287/(-3))/(1/(-3)) is divided by (-214)/(-9) + 122/549.
23
Let p = 2347 - 2090. What is the remainder when p is divided by 90?
77
Suppose -4*f - f - 4*w = -262, -4*f + 191 = -3*w. Suppose 21*v - 16*v - f = 0. What is the remainder when 3 - (-115)/(8 + -3) is divided by v?
6
Let r(a) = 3*a**3 + 2*a**2 - 3*a. Let k be r(1). Suppose 4*g + 5*z - 524 = 0, 4*g - 136 = -k*z + 376. What is the remainder when g is divided by 19?
12
Suppose -8*x = -34 - 446. Let k be ((-24)/5 - -3)*-15. Suppose 3*a - 96 = -5*s, 4*s - 3*a - k - 66 = 0. What is the remainder when x is divided by s?
18
Suppose -7 = -c - 2. Suppose 5*x = -c*x. Suppose h + x*j + j = 5, -3*h + 35 = -2*j. Calculate the remainder when 33 is divided by h.
6
Let z(x) = -50*x + 37 + 26*x + 27*x. Suppose -5*v + 166 = 4*o - 4, 3*v = o + 119. What is the remainder when v is divided by z(-10)?
3
Suppose -6810 = -3*q - 12*q. Calculate the remainder when q is divided by 24.
22
Let i = 5 + 8. Calculate the remainder when (-93 - -1)*((-35 - -42) + (-87)/12) is divided by i.
10
Let m = 7 + -1. Suppose -2*y + 5*u - 120 = 0, 4*y + 290 = -4*u - m. Let f = -44 - y. What is the remainder when 51 is divided by f?
25
Let u(i) = i**3 - 7*i**2 + 6*i - 6. Suppose -35 = -4*r + b - 2, 5*r = 3*b + 50. Calculate the remainder when 69 is divided by u(r).
33
Suppose -3*n + 2*n = -17. Let m(w) = -w**3 - 8*w**2 + 8*w - 3. Let q be m(-9). Suppose 16*f - 60 = q*f. What is the remainder when n is divided by f?
5
Let u = 8 + 5. Let j = 46 + -41. Suppose -4*y = -4*a + 32, 11 = -j*a + 4*y + 49. What is the remainder when u is divided by a?
1
Let w(g) = -17*g**2 + 10*g + 1076. What is the remainder when w(0) is divided by 22?
20
Suppose -k + 2*v = 0, -3*k + 8 = 16*v - 18*v. Suppose -103 = -k*n - g, 3*n - 13 = 2*n + 4*g. What is the remainder when 88 is divided by n?
13
Suppose -4*w + m = -10, -3*m = -353*w + 356*w - 15. What is the remainder when 120 is divided by w?
0
Suppose b + 3*x + 74 - 87 = 0, 25 = -5*b + 3*x. Let d(j) = 2 + 3*j - 7*j + 0. What is the remainder when 48 is divided by d(b)?
8
Suppose 4*h + 9 = 3*m, h = 6*m - m - 32. Let c(k) = 6*k - 132. Let x be c(19). Calculate the remainder when (-4)/x*-1 - 12958/(-558) is divided by m.
2
What is the remainder when (5467/142)/(1/10) is divided by 67?
50
Let t(c) = -3*c + 2. Let i be t(-1). Suppose -i*w = -2*w - 2*n - 50, -w + 2*n + 22 = 0. Suppose w*s = 11*s + 405. What is the remainder when s is divided by 34?
33
Suppose -2*w - 4 = -100. Suppose -o + 554 = 4*l, -125*l + 120*l - o + 694 = 0. What is the remainder when l is divided by w?
44
Suppose 568 = 2*j - 5*q, 834*j - 833*j + 4*q - 193 = 0. Let c = 46 - -30. Calculate the remainder when j is divided by c.
21
Suppose 101 = 2*i + 5*q - 54, -3*i = 2*q - 194. Calculate the remainder when 92 is divided by i.
32
Let x(s) = -2*s + 4. Let h be x(1). Let j(b) = 2*b**3 - b**2. What is the remainder when 27/(-2)*-10*(-2)/(-6) is divided by j(h)?
9
Suppose -1472 = 46*d - 50*d. Calculate the remainder when 1109 is divided by d.
5
Suppose 5*o + 10 = 0, -4*w + 6*w - 22 = 3*o. Let i = -8587 + 8625. What is the remainder when i is divided by w?
6
Let f(c) = c**3 + 42*c**2 + 172*c - 135. What is the remainder when f(-25) is divided by 24?
22
Let i = 55 - 21. Let k be -1 + (12/(-60) - 11/(-5)). What is the remainder when i is divided by (-6 + 22 - 4) + k?
8
Let o(n) = n**2 + 4*n + 5. Suppose 3*b - b + 6 = 0. Let s be o(b). Calculate the remainder when 43 is divided by -2*((-31)/s + 4).
20
Suppose -4*j = a - 4944, 4*j + 1272 = 5*a + 6216. What is the remainder when j is divided by 244?
16
Suppose -2*q - 4*u - 9 + 29 = 0, -5*u = 4*q - 31. Suppose 190 = x - 0*r - r, -q*x = 4*r - 760. What is the remainder when x is divided by 59?
13
Let m(y) be the second derivative of y**4/3 + 13*y**3/6 - 14*y**2 + 104*y. Let b(d) = d + 15. Calculate the remainder when m(2) is divided by b(-7).
6
Suppose 19*j - 14*j = 3*b - 26, 0 = -2*j - 8. Suppose -4*f + 252 = 4*n, 2*f - n - 121 = b*n. Calculate the remainder when 65 is divided by f.
3
Suppose b = 4*z + 1465, 3*b = -2*z + 920 + 3489. Calculate the remainder when b is divided by 186.
167
Suppose 2 = 3*m - 7, 3*m = 4*d - 75. Suppose 373 + 80 = 2*f - s, 647 = 3*f + 5*s. Calculate the remainder when f is divided by d.
14
Let g = -98 + 58. Let f = g + 93. Let w = 60 - 32. Calculate the remainder when f is divided by w.
25
Suppose 2*i + 523 - 331 = 2*l, -l + 5*i + 84 = 0. Suppose -69 = -2*k - 1. Calculate the remainder when l is divided by k.
31
Suppose 2877 = -233*d + 13362. What is the remainder when d is divided by 34?
11
Suppose -j + 524 = 419. Let z = 228 - j. What is the remainder when z is divided by 25?
23
Calculate the remainder when 277 is divided by (-430)/(-30)*(-10 + 19).
19
Let u(b) = -b + 8. Let g be u(6). Suppose -60 = s - 4*s - 3*d, 4*s = g*d + 80. Let l(o) = -47*o + 179. Calculate the remainder when l(3) is divided by s.
18
Let u(x) = x**2 - 15*x + 26. Let i be u(12). Let n be -1 + 1 + i/10. Calculate the remainder when -4 + 34 - 3*n is divided by 18.
15
Suppose 0 = -10*i + 6 + 44. Suppose i*g - 2*f = 324, 4*g - 2*f + 53 - 311 = 0. Calculate the remainder when g is divided by 36 + 7/(7/(-2)).
32
Let c = -4032 - -4391. Calculate the remainder when 1078 is divided by c.
1
Suppose -79*l + 987 = -32*l. Suppose -402 = -5*g - 2*c, -4*c = -l*g + 16*g + 396. Calculate the remainder when 237 is divided by g.
77
Suppose 0 = 1258*a - 1364*a + 340790. What is the remainder when a is divided by 16?
15
Suppose -4095 = -7*d - 182. Suppose 0 = -3*n + j + 3695, 2*n - 1891 = 4*j + d. Calculate the remainder when n is divided by 65.
63
Let b(s) = -s + 9. Let g be b(5). Suppose g*m = 5*x - 47, 2*m + 30 = 3*x - m. Calculate the remainder when 20 is divided by x.
6
Let x(u) = -89*u + 1545. What is the remainder when 6048 is divided by x(16)?
119
Let n(f) be the first derivative of -9*f**2/2 - f - 18. Let p = -5 + 3. Calculate the remainder when n(p) is divided by 10.
7
Suppose 0*a - 5*a = -105. Let k be ((-592)/48 - -12)/(2/(-708)). Suppose 1360 = 158*h - k*h. Calculate the remainder when h is divided by a.
13
Let m(q) = 19*q - 80. Let u(x) = -26*x - 2. Let j be u(1). What is the remainder when (j/8 - -3)*-178 is divided by m(5)?
14
Let z = -50 - -199. Suppose -1055 + z = -6*n. What is the remainder when n is divided by 13?
8
Let n(h) = 3*h**2 + h - 2. Let q = -5 - -7. Calculate the remainder when 2*(-3)/45 + 2076/45 is divided by n(q).
10
Let v = 4 - 0. Suppose -2*k + 23 = -5*t - 7, -t - 24 = -v*k. What is the remainder when -10 - (-68 + 25 - -23) is divided by k?
0
Suppose -8 = 2*c, 0 = 8*d - 12*d - 5*c + 11164. What is the remainder when d is divided by 50?
46
Let u(z) = 18*z**2 + 624*z + 74. What is the remainder when u(-38) is divided by 36?
14
Let o(q) be the first derivative of -9*q**2 - 2*q + 4. Suppose -21 = 2*c - 19. What is the remainder when 60 is divided by o(c)?
12
Let d(w) = -127*w - 443. Let x be d(-4). Let j be (0 - -1)*1 + -33. Let y = j + x. Calculate the remainder when 97 is divided by y.
31
Let b(c) be the second derivative of -c**5/10 - c**4/12 + c**2 + 7*c. Let q = -392 - -404. Calculate the remainder when b(-3) is divided by q.
11
Let w = 958 - 956. Suppose -6*q - 7 = -2*k - q, 5*k - w*q = 49. Calculate the remainder when 79 is divided by k.
2
Suppose -2*w + 68 = 8. Let o be 5/w + (-2)/12. Suppose -x + 14 = -5*d, o = -x + 2*x - 2*d - 29. Calculate the remainder when 75 is divided by x.
36
Suppose -22 = -7*y + 5*y. Let q(u) = 17*u. Let f be q(-15). What is the remainder when 0 - (-4)/((-12)/f) is divided by y?
8
Let y = 6549 - -1637. What is the remainder when y is divided by 92?
90
Let l(o) be the second derivative of o**5/20 + 17*o**4/12 + 43*o**3/6 - 13*o**2/2 + 263*o. What is the remainder when l(-13) is divided by 32?
8
Let c(x) = x**3 + 6*x**2 + x - 4. Suppose -5*y = -4*r - 484 - 2066, -2*y + 1274 = -2*r. Let l = 666 + r. What is the remainder when l is divided by c(-5)?
15
Let n be (4/(-5))/(((-144)/45)/8). Suppose -n*p - 504 - 722 = -5*o, p = 2*o - 491. C